{"id":2106,"date":"2024-06-20T19:57:43","date_gmt":"2024-06-20T17:57:43","guid":{"rendered":"https:\/\/www.sibyllekefer.at\/blog\/?page_id=2106"},"modified":"2024-12-14T15:49:53","modified_gmt":"2024-12-14T13:49:53","slug":"podcast-krispelkefer","status":"publish","type":"page","link":"https:\/\/www.sibyllekefer.at\/blog\/podcast-krispelkefer\/","title":{"rendered":"podcast"},"content":{"rendered":"\n<p>krispelkefer<\/p>\n\n\n\n<figure class=\"wp-block-image size-full\"><a href=\"https:\/\/feeds.buzzsprout.com\/2275336.rss\"><img loading=\"lazy\" decoding=\"async\" width=\"600\" height=\"600\" src=\"https:\/\/www.sibyllekefer.at\/blog\/wp-content\/uploads\/\/image-7.png\" alt=\"\" class=\"wp-image-2107\" srcset=\"https:\/\/www.sibyllekefer.at\/blog\/wp-content\/uploads\/image-7.png 600w, https:\/\/www.sibyllekefer.at\/blog\/wp-content\/uploads\/image-7-300x300.png 300w, https:\/\/www.sibyllekefer.at\/blog\/wp-content\/uploads\/image-7-150x150.png 150w\" sizes=\"auto, (max-width: 600px) 100vw, 600px\" \/><\/a><\/figure>\n\n\n\n<h1 class=\"wp-block-heading\">KrispelKefer<\/h1>\n\n\n\n<h2 class=\"wp-block-heading\">Rainer Krispel, Sibylle Kefer<\/h2>\n\n\n\n<p>Ein alter Punk, \u00e4u\u00dferst versierter Musikjornalist und im ersten Leben auch noch Trauerredner und eine alte Hippine, im ersten Leben auch Musiktherapeutin und Musikerin machen einen Podcast. Mit Anspruch auf Unvollst\u00e4ndigkeit.<\/p>\n\n\n\n<p><em>Vorgabe:<\/em>&nbsp;gibt es dabei keine au\u00dfer der Begegnung, um Entwicklung von Themen und Meinung und Haltung anzusto\u00dfen.<\/p>\n\n\n\n<p><em>Themen<\/em>: Musik, Gesellschaft, Begegnung und Reflexion<\/p>\n\n\n\n<p>In-Bezug-Setzen zu gesellschaftspolitischen Strukturen und Normen, Erkennen, Aufzeigen und Reflektieren von Zusammenh\u00e4ngen sowie direkten als auch indirekten Auswirkungen auf das K\u00fcnstlerInnen-Sein und die Kunst selbst.&nbsp;<\/p>\n\n\n\n<p>Analyse inner- und au\u00dferpers\u00f6nlicher Prozesse \/In-Beziehung-Treten&nbsp;<\/p>\n\n\n\n<p><em>Angebot<\/em>: Teilhabe<\/p>\n\n\n\n<p>Braucht das die Welt?<\/p>\n\n\n\n<p>Naja. Schon irgendwie.<\/p>\n\n\n\n<p><br>aufgenommen und produziert von Sibylle Kefer<br>all rights reserved<\/p>\n\n\n\n<h1 class=\"wp-block-heading\">Listen to this podcast on<\/h1>\n\n\n\n<pre class=\"wp-block-code\"><code><\/code><\/pre>\n\n\n\n<ul class=\"wp-block-list\">\n<li><a href=\"https:\/\/open.spotify.com\/show\/1sRDmZlCbccltU3tgCWGdd\" target=\"_blank\" rel=\"noreferrer noopener\">Spotify<\/a><\/li>\n\n\n\n<li><a href=\"https:\/\/music.amazon.com\/podcasts\/e1a1029b-9f53-4262-b436-ffa8fdc201df\" target=\"_blank\" rel=\"noreferrer noopener\">Amazon Music<\/a><\/li>\n\n\n\n<li><a href=\"https:\/\/www.podchaser.com\/podcasts\/krispelkefer-5530232\" target=\"_blank\" rel=\"noreferrer noopener\">Podchaser<\/a><\/li>\n\n\n\n<li><a href=\"https:\/\/podcastindex.org\/podcast\/6684967\" target=\"_blank\" rel=\"noreferrer noopener\">Podcast Index<\/a><\/li>\n\n\n\n<li><a href=\"https:\/\/podcastaddict.com\/podcast\/krispelkefer\/4746364\" target=\"_blank\" rel=\"noreferrer noopener\">Podcast Addict<\/a><\/li>\n\n\n\n<li><a href=\"https:\/\/pca.st\/vcp0o8l1\" target=\"_blank\" rel=\"noreferrer noopener\">Pocket Casts<\/a><\/li>\n\n\n\n<li><a href=\"https:\/\/www.deezer.com\/show\/1000432061\" target=\"_blank\" rel=\"noreferrer noopener\">Deezer<\/a><\/li>\n\n\n\n<li><a href=\"https:\/\/www.listennotes.com\/c\/c0dae566e2f1412e81727e9ee88d9ed5\/\" target=\"_blank\" rel=\"noreferrer noopener\">Listen Notes<\/a><\/li>\n\n\n\n<li><a href=\"https:\/\/player.fm\/series\/series-3528513\" target=\"_blank\" rel=\"noreferrer noopener\">Player FM<\/a><\/li>\n\n\n\n<li><a href=\"https:\/\/tunein.com\/radio\/KrispelKefer-p3911532\/\" target=\"_blank\" rel=\"noreferrer noopener\">TuneIn + Alexa<\/a><\/li>\n\n\n\n<li><a href=\"https:\/\/podcasts.apple.com\/us\/podcast\/krispelkefer\/id1716432318\" target=\"_blank\" rel=\"noreferrer noopener\">Apple Podcasts<\/a><\/li>\n\n\n\n<li><a href=\"https:\/\/overcast.fm\/itunes1716432318\" target=\"_blank\" rel=\"noreferrer noopener\">Overcast<\/a><\/li>\n\n\n\n<li><a href=\"https:\/\/castro.fm\/itunes\/1716432318\" target=\"_blank\" rel=\"noreferrer noopener\">Castro<\/a><\/li>\n\n\n\n<li><a href=\"https:\/\/castbox.fm\/vic\/1716432318?ref=buzzsprout\" target=\"_blank\" rel=\"noreferrer noopener\">Castbox<\/a><\/li>\n\n\n\n<li><a href=\"https:\/\/web.podfriend.com\/podcast\/1716432318\" target=\"_blank\" rel=\"noreferrer noopener\">Podfriend<\/a><\/li>\n\n\n\n<li><a href=\"https:\/\/www.goodpods.com\/podcasts-aid\/1716432318\" target=\"_blank\" rel=\"noreferrer noopener\">Goodpods<\/a><\/li>\n\n\n\n<li><a href=\"https:\/\/podfans.fm\/2353e48d-2522-5f0c-838b-aad6d7723a52\" target=\"_blank\" rel=\"noreferrer noopener\">TrueFans<\/a><\/li>\n\n\n\n<li><a href=\"https:\/\/www.youtube.com\/playlist?list=PLE6WmVVyrfFTEhBQu7HifR8GvGZPD_7ys\" target=\"_blank\" rel=\"noreferrer noopener\">YouTube<\/a><\/li>\n<\/ul>\n\n\n\n<hr class=\"wp-block-separator has-alpha-channel-opacity\"\/>\n\n\n\n<ul class=\"wp-block-list\">\n<li><a href=\"https:\/\/www.facebook.com\/sibyllekefer\/\" target=\"_blank\" rel=\"noreferrer noopener\">Facebook<\/a><\/li>\n\n\n\n<li><a href=\"https:\/\/www.instagram.com\/sibyllekefer\/\" target=\"_blank\" rel=\"noreferrer noopener\">Instagram<\/a><\/li>\n\n\n\n<li><a href=\"https:\/\/www.youtube.com\/sibyllekefer\" target=\"_blank\" rel=\"noreferrer noopener\">YouTube<\/a><\/li>\n\n\n\n<li><a href=\"http:\/\/www.sibyllekefer.at\/\" target=\"_blank\" rel=\"noreferrer noopener\">Website<\/a><\/li>\n<\/ul>\n\n\n\n<pre class=\"wp-block-code\"><code><\/code><\/pre>\n\n\n\n<figure class=\"wp-block-image size-full\"><img decoding=\"async\" src=\"https:\/\/www.sibyllekefer.at\/blog\/wp-content\/uploads\/\/IMG_2311.heic\" alt=\"\" class=\"wp-image-2126\"\/><\/figure>\n\n\n\n<figure class=\"wp-block-image size-large\"><img loading=\"lazy\" decoding=\"async\" width=\"1024\" height=\"769\" src=\"https:\/\/www.sibyllekefer.at\/blog\/wp-content\/uploads\/\/IMG_9663-1-1024x769.png\" alt=\"\" class=\"wp-image-1962\" srcset=\"https:\/\/www.sibyllekefer.at\/blog\/wp-content\/uploads\/IMG_9663-1-1024x769.png 1024w, https:\/\/www.sibyllekefer.at\/blog\/wp-content\/uploads\/IMG_9663-1-300x225.png 300w, https:\/\/www.sibyllekefer.at\/blog\/wp-content\/uploads\/IMG_9663-1-768x577.png 768w, https:\/\/www.sibyllekefer.at\/blog\/wp-content\/uploads\/IMG_9663-1-1536x1154.png 1536w, https:\/\/www.sibyllekefer.at\/blog\/wp-content\/uploads\/IMG_9663-1-2048x1539.png 2048w\" sizes=\"auto, (max-width: 1024px) 100vw, 1024px\" \/><\/figure>\n\n\n\n<figure class=\"wp-block-image size-full\"><img decoding=\"async\" src=\"https:\/\/www.sibyllekefer.at\/blog\/wp-content\/uploads\/\/IMG_2303.heic\" alt=\"\" class=\"wp-image-2128\"\/><\/figure>\n","protected":false},"excerpt":{"rendered":"<p>krispelkefer KrispelKefer Rainer Krispel, Sibylle Kefer Ein alter Punk, \u00e4u\u00dferst versierter Musikjornalist und im ersten Leben auch noch Trauerredner und eine alte Hippine, im ersten Leben auch Musiktherapeutin und Musikerin machen einen Podcast. Mit Anspruch auf Unvollst\u00e4ndigkeit. Vorgabe:&nbsp;gibt es dabei keine au\u00dfer der Begegnung, um Entwicklung von Themen und Meinung und Haltung anzusto\u00dfen. Themen: Musik, [&hellip;]<\/p>\n","protected":false},"author":2,"featured_media":0,"parent":0,"menu_order":0,"comment_status":"closed","ping_status":"closed","template":"","meta":{"footnotes":""},"class_list":["post-2106","page","type-page","status-publish","hentry"],"_links":{"self":[{"href":"https:\/\/www.sibyllekefer.at\/blog\/wp-json\/wp\/v2\/pages\/2106","targetHints":{"allow":["GET"]}}],"collection":[{"href":"https:\/\/www.sibyllekefer.at\/blog\/wp-json\/wp\/v2\/pages"}],"about":[{"href":"https:\/\/www.sibyllekefer.at\/blog\/wp-json\/wp\/v2\/types\/page"}],"author":[{"embeddable":true,"href":"https:\/\/www.sibyllekefer.at\/blog\/wp-json\/wp\/v2\/users\/2"}],"replies":[{"embeddable":true,"href":"https:\/\/www.sibyllekefer.at\/blog\/wp-json\/wp\/v2\/comments?post=2106"}],"version-history":[{"count":19,"href":"https:\/\/www.sibyllekefer.at\/blog\/wp-json\/wp\/v2\/pages\/2106\/revisions"}],"predecessor-version":[{"id":2223,"href":"https:\/\/www.sibyllekefer.at\/blog\/wp-json\/wp\/v2\/pages\/2106\/revisions\/2223"}],"wp:attachment":[{"href":"https:\/\/www.sibyllekefer.at\/blog\/wp-json\/wp\/v2\/media?parent=2106"}],"curies":[{"name":"wp","href":"https:\/\/api.w.org\/{rel}","templated":true}]}}

<p>krispelkefer</p>



<figure class="wp-block-image size-full"><a href="https://feeds.buzzsprout.com/2275336.rss"><img loading="lazy" decoding="async" width="600" height="600" src="https://www.sibyllekefer.at/blog/wp-content/uploads//image-7.png" alt="" class="wp-image-2107" srcset="https://www.sibyllekefer.at/blog/wp-content/uploads/image-7.png 600w, https://www.sibyllekefer.at/blog/wp-content/uploads/image-7-300x300.png 300w, https://www.sibyllekefer.at/blog/wp-content/uploads/image-7-150x150.png 150w" sizes="auto, (max-width: 600px) 100vw, 600px" /></a></figure>



<h1 class="wp-block-heading">KrispelKefer</h1>



<h2 class="wp-block-heading">Rainer Krispel, Sibylle Kefer</h2>



<p>Ein alter Punk, äußerst versierter Musikjornalist und im ersten Leben auch noch Trauerredner und eine alte Hippine, im ersten Leben auch Musiktherapeutin und Musikerin machen einen Podcast. Mit Anspruch auf Unvollständigkeit.</p>



<p><em>Vorgabe:</em>&nbsp;gibt es dabei keine außer der Begegnung, um Entwicklung von Themen und Meinung und Haltung anzustoßen.</p>



<p><em>Themen</em>: Musik, Gesellschaft, Begegnung und Reflexion</p>



<p>In-Bezug-Setzen zu gesellschaftspolitischen Strukturen und Normen, Erkennen, Aufzeigen und Reflektieren von Zusammenhängen sowie direkten als auch indirekten Auswirkungen auf das KünstlerInnen-Sein und die Kunst selbst.&nbsp;</p>



<p>Analyse inner- und außerpersönlicher Prozesse /In-Beziehung-Treten&nbsp;</p>



<p><em>Angebot</em>: Teilhabe</p>



<p>Braucht das die Welt?</p>



<p>Naja. Schon irgendwie.</p>



<p><br>aufgenommen und produziert von Sibylle Kefer<br>all rights reserved</p>



<h1 class="wp-block-heading">Listen to this podcast on</h1>



<pre class="wp-block-code"><code></code></pre>



<ul class="wp-block-list">
<li><a href="https://open.spotify.com/show/1sRDmZlCbccltU3tgCWGdd" target="_blank" rel="noreferrer noopener">Spotify</a></li>



<li><a href="https://music.amazon.com/podcasts/e1a1029b-9f53-4262-b436-ffa8fdc201df" target="_blank" rel="noreferrer noopener">Amazon Music</a></li>



<li><a href="https://www.podchaser.com/podcasts/krispelkefer-5530232" target="_blank" rel="noreferrer noopener">Podchaser</a></li>



<li><a href="https://podcastindex.org/podcast/6684967" target="_blank" rel="noreferrer noopener">Podcast Index</a></li>



<li><a href="https://podcastaddict.com/podcast/krispelkefer/4746364" target="_blank" rel="noreferrer noopener">Podcast Addict</a></li>



<li><a href="https://pca.st/vcp0o8l1" target="_blank" rel="noreferrer noopener">Pocket Casts</a></li>



<li><a href="https://www.deezer.com/show/1000432061" target="_blank" rel="noreferrer noopener">Deezer</a></li>



<li><a href="https://www.listennotes.com/c/c0dae566e2f1412e81727e9ee88d9ed5/" target="_blank" rel="noreferrer noopener">Listen Notes</a></li>



<li><a href="https://player.fm/series/series-3528513" target="_blank" rel="noreferrer noopener">Player FM</a></li>



<li><a href="https://tunein.com/radio/KrispelKefer-p3911532/" target="_blank" rel="noreferrer noopener">TuneIn + Alexa</a></li>



<li><a href="https://podcasts.apple.com/us/podcast/krispelkefer/id1716432318" target="_blank" rel="noreferrer noopener">Apple Podcasts</a></li>



<li><a href="https://overcast.fm/itunes1716432318" target="_blank" rel="noreferrer noopener">Overcast</a></li>



<li><a href="https://castro.fm/itunes/1716432318" target="_blank" rel="noreferrer noopener">Castro</a></li>



<li><a href="https://castbox.fm/vic/1716432318?ref=buzzsprout" target="_blank" rel="noreferrer noopener">Castbox</a></li>



<li><a href="https://web.podfriend.com/podcast/1716432318" target="_blank" rel="noreferrer noopener">Podfriend</a></li>



<li><a href="https://www.goodpods.com/podcasts-aid/1716432318" target="_blank" rel="noreferrer noopener">Goodpods</a></li>



<li><a href="https://podfans.fm/2353e48d-2522-5f0c-838b-aad6d7723a52" target="_blank" rel="noreferrer noopener">TrueFans</a></li>



<li><a href="https://www.youtube.com/playlist?list=PLE6WmVVyrfFTEhBQu7HifR8GvGZPD_7ys" target="_blank" rel="noreferrer noopener">YouTube</a></li>
</ul>



<hr class="wp-block-separator has-alpha-channel-opacity"/>



<ul class="wp-block-list">
<li><a href="https://www.facebook.com/sibyllekefer/" target="_blank" rel="noreferrer noopener">Facebook</a></li>



<li><a href="https://www.instagram.com/sibyllekefer/" target="_blank" rel="noreferrer noopener">Instagram</a></li>



<li><a href="https://www.youtube.com/sibyllekefer" target="_blank" rel="noreferrer noopener">YouTube</a></li>



<li><a href="http://www.sibyllekefer.at/" target="_blank" rel="noreferrer noopener">Website</a></li>
</ul>



<pre class="wp-block-code"><code></code></pre>



<figure class="wp-block-image size-full"><img decoding="async" src="https://www.sibyllekefer.at/blog/wp-content/uploads//IMG_2311.heic" alt="" class="wp-image-2126"/></figure>



<figure class="wp-block-image size-large"><img loading="lazy" decoding="async" width="1024" height="769" src="https://www.sibyllekefer.at/blog/wp-content/uploads//IMG_9663-1-1024x769.png" alt="" class="wp-image-1962" srcset="https://www.sibyllekefer.at/blog/wp-content/uploads/IMG_9663-1-1024x769.png 1024w, https://www.sibyllekefer.at/blog/wp-content/uploads/IMG_9663-1-300x225.png 300w, https://www.sibyllekefer.at/blog/wp-content/uploads/IMG_9663-1-768x577.png 768w, https://www.sibyllekefer.at/blog/wp-content/uploads/IMG_9663-1-1536x1154.png 1536w, https://www.sibyllekefer.at/blog/wp-content/uploads/IMG_9663-1-2048x1539.png 2048w" sizes="auto, (max-width: 1024px) 100vw, 1024px" /></figure>



<figure class="wp-block-image size-full"><img decoding="async" src="https://www.sibyllekefer.at/blog/wp-content/uploads//IMG_2303.heic" alt="" class="wp-image-2128"/></figure>

<p>krispelkefer KrispelKefer Rainer Krispel, Sibylle Kefer Ein alter Punk, äußerst versierter Musikjornalist und im ersten Leben auch noch Trauerredner und eine alte Hippine, im ersten Leben auch Musiktherapeutin und Musikerin machen einen Podcast. Mit Anspruch auf Unvollständigkeit. Vorgabe:&nbsp;gibt es dabei keine außer der Begegnung, um Entwicklung von Themen und Meinung und Haltung anzustoßen. Themen: Musik, [&hellip;]</p>
