{"id":8,"date":"2012-10-08T18:14:43","date_gmt":"2012-10-08T16:14:43","guid":{"rendered":"http:\/\/www.synwarrior.com\/kefer\/wordpress\/?page_id=8"},"modified":"2023-01-22T23:03:30","modified_gmt":"2023-01-22T21:03:30","slug":"sibylle-kefer","status":"publish","type":"page","link":"https:\/\/www.sibyllekefer.at\/blog\/sibylle-kefer\/","title":{"rendered":"sibylle kefer"},"content":{"rendered":"<p>fotografiert von carina antl<\/p>\n\n\n<p>k\u00fcnstlerischer lebenslauf<\/p>\n\n\n\n<p>sibylle kefer wurde 1976 in bad ischl geboren und wuchs in bad goisern auf. ausbildung zur musiktherapeutin, jazzs\u00e4ngerin und gesangsp\u00e4dagogin. seit ihrer kindheit im salzkammergut war sibylle immer von musik umgeben, spielte querfl\u00f6te in blaskapellen und sang f\u00fcr die mittlerweile legend\u00e4ren ausseer hardbradler.&nbsp;mit ihnen gewann sie einen amadeusawards und wurde f\u00fcr einen zus\u00e4tzlichen nominiert.<\/p>\n\n\n\n<p>mit der \u00fcbersiedlung nach wien begann sie ihre bis heute fortgef\u00fchrte berufliche t\u00e4tigkeit als kindermusiktherapeutin, dazu lehrte und begleitete sie ein jahrzehnt lang jazzgesangs-student:innen zum diplom an zwei wiener konservatorien. <\/p>\n\n\n\n<p>2006 begann die musikalische zusammenarbeit mit ernst molden, als s\u00e4ngerin und instrumentalistin (gitarre, querfl\u00f6te) war sie dabei auf konzert- und theaterb\u00fchnen zu sehen und zu h\u00f6ren, ebenso wie auf diversen alben moldens. in diesem zusammenhang steht auch ihre zusammenarbeit mit willi resetarits. mittlerweile ist sie bandmitglied von ernst molden &amp; das frauenorchester, 2021 erschien deren zweites album. die band wurde 2022 f\u00fcr einen amadeusawards nominiert.<\/p>\n\n\n\n<p>2019 und 2020 war sibylle kefer teil der er\u00f6ffnung der wiener festwochen.<\/p>\n\n\n\n<p>als solo-k\u00fcnstlerin ver\u00f6ffentliche die mutter dreier kinder bislang f\u00fcnf solo-alben mit ihren liedern. erst unter dem pseudonym SiE, welches sie sp\u00e4ter als namensgeberin f\u00fcr ihr eigenes label sie-records verwendete, dann unter eigenem namen sibylle kefer.<\/p>\n\n\n\n<p>2017 war ihr reduziertes, daf\u00fcr umso eindringlicheres 4. album zugleich die erstver\u00f6ffentlichung des neu gegr\u00fcndeten labels von ernst molden und charlie bader badermolden-recordings.<\/p>\n\n\n\n<p>\u201eauf dem 2019 ver\u00f6ffentlichten nachfolger \u201esibylle kefer&#8220; gibt sie ein kr\u00e4ftiges, facettenreiches lebenszeichen aus einer anderen musikalischen richtung. was bleibt, ist die gro\u00dfartig klare, zu erstaunlichen intonationen f\u00e4hige stimme. ihre texte, im dialekt gesungen, sind teils politisch, teils alltagserz\u00e4hlungen\u201c, schreibt stefanie panzenb\u00f6ck im FALTER.<\/p>\n\n\n\n<p>\u201esibylle kefer&#8220;, mit dem sie sich nachdr\u00fccklich als interpretin ihrer eigenen lieder k\u00fcnstlerisch positionierte, dabei inhaltlich wie formal unverkennbar, kommt auf die longlist des preises der deutschen schallplattenkritik.<\/p>\n\n\n\n<p>ihre unpr\u00e4tenti\u00f6sen texte sind von einem entwaffnenden humanismus und feminismus gepr\u00e4gt, die sich solcher begriffe nicht bedienen und ihre zuh\u00f6rer:innen sehr unmittelbar \u201eerwischen&#8220;, eine unverstellte direktheit und (!) sensible achtsamkeit, die sich sibylle kefer auch bei ihrer pr\u00e4senz in sozialen medien angelegen sein l\u00e4sst. ein k\u00fcnstlerisches wie inhaltliches highlight der j\u00fcngsten zeit war eine im februar 2021 im speziellen kontext zu h\u00f6rende coverversion von \u201ehurt&#8220; (weithin mit der version johnny cashs assoziiert), kefer lieferte ihre interpretation als musik zu einem video des mauthausen komitee \u00f6sterreich, \u201eZivil.Courage.Online wirkt!&#8220;, sibylle kefers version wurde daf\u00fcr von urheber trent reznor (nine inch nails) pers\u00f6nlich freigegeben.<\/p>\n\n\n\n<p>sibylle kefer arbeitet st\u00e4ndig an neuen liedern, in die all ihre \u201ethemen&#8220; einflie\u00dfen, wie das leben in der stadt und am land (kefer ist dem salzkammergut weiter verbunden und verbringt mit familie viel und regelm\u00e4\u00dfig zeit dort), mutterschaft, berufst\u00e4tigkeit und k\u00fcnstlerinnenleben, alles noch einmal verst\u00e4rkt durch die spezielle von corona gepr\u00e4gte gegenwart, die sichtbar gewordenen bruchstellen unserer gesellschaft und unseres zusammenlebens. dazu kommt formell das zusammenf\u00fcgen von homerecording und studioarbeit, ebenso wie die fusion tradierter liedstrukturen und dem arbeiten mit sounds, sowie dem dialekt als beil\u00e4ufiger, selbstverst\u00e4ndlicher singsprache. die im speziellen eben den nicht-gegensatz stadt-land zum klingen bringt, weil die lieder von sibylle kefer urban, welt, stadt und land zugleich sind, subjektiver pers\u00f6nlicher ausdruck und k\u00fcnstlerisches dialogangebot in einem.<\/p>\n\n\n\n<p>2021 wird ihr song \u201eliawa hoffnung&#8220; vom ORF f\u00fcr das internationale format new european songbook 2021 ausgew\u00e4hlt und in zusammenarbeit mit dem herbert pixner projekt umgesetzt. er wird auf dem im fr\u00fchjahr 2023 erscheinenden 6. album der k\u00fcnstlerin zu finden sein.<\/p>\n","protected":false},"excerpt":{"rendered":"<p>fotografiert von carina antl k\u00fcnstlerischer lebenslauf sibylle kefer wurde 1976 in bad ischl geboren und wuchs in bad goisern auf. ausbildung zur musiktherapeutin, jazzs\u00e4ngerin und gesangsp\u00e4dagogin. seit ihrer kindheit im salzkammergut war sibylle immer von musik umgeben, spielte querfl\u00f6te in blaskapellen und sang f\u00fcr die mittlerweile legend\u00e4ren ausseer hardbradler.&nbsp;mit ihnen gewann sie einen amadeusawards und [&hellip;]<\/p>\n","protected":false},"author":2,"featured_media":1295,"parent":0,"menu_order":0,"comment_status":"closed","ping_status":"closed","template":"","meta":{"footnotes":""},"class_list":["post-8","page","type-page","status-publish","has-post-thumbnail","hentry"],"_links":{"self":[{"href":"https:\/\/www.sibyllekefer.at\/blog\/wp-json\/wp\/v2\/pages\/8","targetHints":{"allow":["GET"]}}],"collection":[{"href":"https:\/\/www.sibyllekefer.at\/blog\/wp-json\/wp\/v2\/pages"}],"about":[{"href":"https:\/\/www.sibyllekefer.at\/blog\/wp-json\/wp\/v2\/types\/page"}],"author":[{"embeddable":true,"href":"https:\/\/www.sibyllekefer.at\/blog\/wp-json\/wp\/v2\/users\/2"}],"replies":[{"embeddable":true,"href":"https:\/\/www.sibyllekefer.at\/blog\/wp-json\/wp\/v2\/comments?post=8"}],"version-history":[{"count":21,"href":"https:\/\/www.sibyllekefer.at\/blog\/wp-json\/wp\/v2\/pages\/8\/revisions"}],"predecessor-version":[{"id":1708,"href":"https:\/\/www.sibyllekefer.at\/blog\/wp-json\/wp\/v2\/pages\/8\/revisions\/1708"}],"wp:featuredmedia":[{"embeddable":true,"href":"https:\/\/www.sibyllekefer.at\/blog\/wp-json\/wp\/v2\/media\/1295"}],"wp:attachment":[{"href":"https:\/\/www.sibyllekefer.at\/blog\/wp-json\/wp\/v2\/media?parent=8"}],"curies":[{"name":"wp","href":"https:\/\/api.w.org\/{rel}","templated":true}]}}

<p>fotografiert von carina antl</p>


<p>künstlerischer lebenslauf</p>



<p>sibylle kefer wurde 1976 in bad ischl geboren und wuchs in bad goisern auf. ausbildung zur musiktherapeutin, jazzsängerin und gesangspädagogin. seit ihrer kindheit im salzkammergut war sibylle immer von musik umgeben, spielte querflöte in blaskapellen und sang für die mittlerweile legendären ausseer hardbradler.&nbsp;mit ihnen gewann sie einen amadeusawards und wurde für einen zusätzlichen nominiert.</p>



<p>mit der übersiedlung nach wien begann sie ihre bis heute fortgeführte berufliche tätigkeit als kindermusiktherapeutin, dazu lehrte und begleitete sie ein jahrzehnt lang jazzgesangs-student:innen zum diplom an zwei wiener konservatorien. </p>



<p>2006 begann die musikalische zusammenarbeit mit ernst molden, als sängerin und instrumentalistin (gitarre, querflöte) war sie dabei auf konzert- und theaterbühnen zu sehen und zu hören, ebenso wie auf diversen alben moldens. in diesem zusammenhang steht auch ihre zusammenarbeit mit willi resetarits. mittlerweile ist sie bandmitglied von ernst molden &amp; das frauenorchester, 2021 erschien deren zweites album. die band wurde 2022 für einen amadeusawards nominiert.</p>



<p>2019 und 2020 war sibylle kefer teil der eröffnung der wiener festwochen.</p>



<p>als solo-künstlerin veröffentliche die mutter dreier kinder bislang fünf solo-alben mit ihren liedern. erst unter dem pseudonym SiE, welches sie später als namensgeberin für ihr eigenes label sie-records verwendete, dann unter eigenem namen sibylle kefer.</p>



<p>2017 war ihr reduziertes, dafür umso eindringlicheres 4. album zugleich die erstveröffentlichung des neu gegründeten labels von ernst molden und charlie bader badermolden-recordings.</p>



<p>„auf dem 2019 veröffentlichten nachfolger „sibylle kefer&#8220; gibt sie ein kräftiges, facettenreiches lebenszeichen aus einer anderen musikalischen richtung. was bleibt, ist die großartig klare, zu erstaunlichen intonationen fähige stimme. ihre texte, im dialekt gesungen, sind teils politisch, teils alltagserzählungen“, schreibt stefanie panzenböck im FALTER.</p>



<p>„sibylle kefer&#8220;, mit dem sie sich nachdrücklich als interpretin ihrer eigenen lieder künstlerisch positionierte, dabei inhaltlich wie formal unverkennbar, kommt auf die longlist des preises der deutschen schallplattenkritik.</p>



<p>ihre unprätentiösen texte sind von einem entwaffnenden humanismus und feminismus geprägt, die sich solcher begriffe nicht bedienen und ihre zuhörer:innen sehr unmittelbar „erwischen&#8220;, eine unverstellte direktheit und (!) sensible achtsamkeit, die sich sibylle kefer auch bei ihrer präsenz in sozialen medien angelegen sein lässt. ein künstlerisches wie inhaltliches highlight der jüngsten zeit war eine im februar 2021 im speziellen kontext zu hörende coverversion von „hurt&#8220; (weithin mit der version johnny cashs assoziiert), kefer lieferte ihre interpretation als musik zu einem video des mauthausen komitee österreich, „Zivil.Courage.Online wirkt!&#8220;, sibylle kefers version wurde dafür von urheber trent reznor (nine inch nails) persönlich freigegeben.</p>



<p>sibylle kefer arbeitet ständig an neuen liedern, in die all ihre „themen&#8220; einfließen, wie das leben in der stadt und am land (kefer ist dem salzkammergut weiter verbunden und verbringt mit familie viel und regelmäßig zeit dort), mutterschaft, berufstätigkeit und künstlerinnenleben, alles noch einmal verstärkt durch die spezielle von corona geprägte gegenwart, die sichtbar gewordenen bruchstellen unserer gesellschaft und unseres zusammenlebens. dazu kommt formell das zusammenfügen von homerecording und studioarbeit, ebenso wie die fusion tradierter liedstrukturen und dem arbeiten mit sounds, sowie dem dialekt als beiläufiger, selbstverständlicher singsprache. die im speziellen eben den nicht-gegensatz stadt-land zum klingen bringt, weil die lieder von sibylle kefer urban, welt, stadt und land zugleich sind, subjektiver persönlicher ausdruck und künstlerisches dialogangebot in einem.</p>



<p>2021 wird ihr song „liawa hoffnung&#8220; vom ORF für das internationale format new european songbook 2021 ausgewählt und in zusammenarbeit mit dem herbert pixner projekt umgesetzt. er wird auf dem im frühjahr 2023 erscheinenden 6. album der künstlerin zu finden sein.</p>

<p>fotografiert von carina antl künstlerischer lebenslauf sibylle kefer wurde 1976 in bad ischl geboren und wuchs in bad goisern auf. ausbildung zur musiktherapeutin, jazzsängerin und gesangspädagogin. seit ihrer kindheit im salzkammergut war sibylle immer von musik umgeben, spielte querflöte in blaskapellen und sang für die mittlerweile legendären ausseer hardbradler.&nbsp;mit ihnen gewann sie einen amadeusawards und [&hellip;]</p>
